. Suppose 5*b + m + 260 + 139 = 0, 0 = -v*b - m - 159. Is (3/2)/((-12)/b) a prime number?
False
Suppose 2*t - 120 = 134. Is t a prime number?
True
Let f(j) = -55*j + 61. Is f(-24) composite?
False
Is ((-14754)/12)/(1/(-2)) a prime number?
True
Let o(q) = -q - 5. Let a be o(-8). Let m(x) = 12*x**3 - 2*x**2 - 4*x - 1. Is m(a) a prime number?
True
Let m(u) = u**2 - 4*u + 3*u - u**2 + u**2 - 5. Is m(-6) composite?
False
Let t = 549 + -332. Let d = t + -144. Suppose -4*f - 12 = 0, -5*q - 2*f = -3*f - d. Is q composite?
True
Suppose 0 = -5*w + 2*t + 27, 1 = -t - 0. Suppose w*u = y + 93, -3*u + 5*y = 2*u - 105. Let v = -11 + u. Is v a composite number?
False
Let h = -4 + 2. Let a = h + 6. Is (-26)/a*1*-2 a prime number?
True
Let d(p) = -p**2 + p + 118. Is d(0) a prime number?
False
Let l(k) = -37*k**3 - 2*k**2 + 2. Let p be l(2). Let t(v) = -30*v + 9. Let w be t(6). Let d = w - p. Is d a composite number?
False
Let q = 1067 - 736. Is q composite?
False
Let r(z) be the second derivative of 0 - 1/2*z**3 + 0*z**2 - 2*z. Is r(-2) a composite number?
True
Let p(b) = -118*b - 2. Let c be p(2). Suppose -93 = 2*t + 9. Let y = t - c. Is y a composite number?
True
Is 1 + 5/(-2)*-2 a prime number?
False
Suppose 157 = 5*s - 33. Let k = 26 - s. Is (-399)/k - 2/8 prime?
False
Let m(u) = u**3 + 20*u**2 + 24*u + 7. Is m(-18) a composite number?
False
Let f(b) = -b**3 + 10*b**2 + 12*b - 7. Let o be f(11). Let z(y) = -2 + 6*y**2 + y - 2 + 1. Is z(o) a prime number?
True
Let w = 2328 - 1193. Is w composite?
True
Let m be 8/(-5)*4525/(-10). Suppose 9*a - 5*a = m. Is a a prime number?
True
Let q be 30 + 0*(-1)/2. Suppose -5*b = -0*b - q. Is b/(-27) + (-713)/(-9) a composite number?
False
Let v be (-5)/1*14/(-10). Let y = 10 - v. Suppose 105 = y*x - 48. Is x composite?
True
Let y(w) = w**3 + 10*w**2 + 5*w + 1. Let c(i) = -4*i + 3. Let l be c(3). Is y(l) prime?
True
Let s(b) = -3*b**2 + 3*b. Let d be s(3). Let r be (d/4)/(6/(-8)). Is 129/r - 1/(-2) a composite number?
True
Suppose s + s = -4*z + 18, -5*s + 23 = -z. Suppose -j = -3*d - 19, -4*j - z*d + 65 + 67 = 0. Is j a prime number?
True
Let w = -25 - -234. Is w prime?
False
Suppose -g - 5*q = -55 - 106, 5*g = -5*q + 745. Is g a prime number?
False
Suppose 0 = w + f - 8, 3*f - 29 = -4*w + 1. Suppose -z - z = -w, -z + 428 = 5*y. Is y a prime number?
False
Suppose -2*x + 2 = 5*o, -16 = 3*x + x. Suppose o*y + 0*y - 78 = 0. Is (2/3)/(2/y) prime?
True
Suppose -z + 2*z = 30. Let a = 4 - 1. Suppose -z - 15 = -a*s. Is s a prime number?
False
Let o = 5829 - 3250. Is o composite?
False
Let o(n) = -n - 1 - 4*n - 45*n**3 + 4*n + n**2. Suppose m + 4 = -3*m. Is o(m) a composite number?
True
Let z(f) = -8*f**2 + 9*f - 4*f**2 - 20 - 5*f**2. Let g(n) = -4*n**2 + 2*n - 5. Let a(x) = -9*g(x) + 2*z(x). Is a(4) a composite number?
False
Let p(t) = t. Let u(f) = 3*f**2 - 10*f + 4. Let h(s) = 3*p(s) + u(s). Let k be h(6). Suppose -2*n - 3*n + k = 0. Is n a prime number?
False
Let n(f) = 168*f - 9. Is n(11) prime?
False
Let h = -5 + -15. Let a be (h/16)/((-1)/(-8)). Is 2/4 + (-465)/a a prime number?
True
Let y = -31 - -27. Is y/(-16) - 571/(-4) a prime number?
False
Let c(o) = 239*o**2 - o - 1. Let n be c(-1). Let t = n + -61. Is t prime?
False
Suppose -4*s = 4*k + 60, s + k + 11 = -k. Let r = -8 - s. Is r composite?
False
Let j(v) = -3 + v - 4*v**2 + v + v**3 + 8 - 9*v. Let t be j(5). Let l(i) = -6*i + 1. Is l(t) composite?
False
Let a = 32 - 21. Let l = a - 2. Is l a composite number?
True
Let u(j) = j**3 - 2*j**2 + 1. Let q be u(1). Suppose -3*g + 20 = 5, 2*h + 4*g - 854 = q. Suppose 5*b + 92 - h = 0. Is b a composite number?
True
Let k(h) = -h + 8. Let m be k(6). Let l(x) = -x**3 + x**2 + 3*x + 2. Let u be l(3). Is m/u - 1791/(-21) prime?
False
Let f(d) = 3*d**2 - 3*d + 5. Let q be f(4). Suppose i - 48 - q = 0. Is i composite?
False
Suppose -2*w - 115 = 35. Let p = w + 52. Let r = p - -44. Is r prime?
False
Let i(n) = 10*n**3 + n**2. Let f be i(-1). Suppose -4*b + 11 = k, -2*k + 37 + 24 = -5*b. Let m = f + k. Is m a prime number?
False
Suppose 3*v - 2 = 7. Suppose -v*n - 252 - 123 = 0. Let b = -58 - n. Is b composite?
False
Suppose 4*j - 2*j - 5*d = 9, 12 = 4*j - 4*d. Suppose 0 = 5*q + 3*h - 928, -j*q + 5*h + 368 = 3*h. Is q a composite number?
True
Let b(k) = k - 7. Let y be b(7). Let a(f) = -f**2 + f + 815. Is a(y) composite?
True
Let u(h) = -h**3 + 7*h**2 + 2*h + 1. Let t(s) = s + 2. Let y be t(4). Let g be u(y). Suppose 0*i - i + g = 0. Is i a prime number?
False
Let z = 224 + -71. Suppose -2*p + d = 5*d - 178, -d - z = -2*p. Is p a prime number?
True
Let b = 20 - 28. Let x be 6/24 - 470/b. Suppose 4*r + i - 75 = x, 5*r - 169 = -2*i. Is r prime?
False
Let y(k) = -k**2 + 2*k. Let f be y(2). Let b(h) = -h + 1. Let z(a) = 32. Let t(q) = b(q) + z(q). Is t(f) a composite number?
True
Is ((5747/(-4))/7)/((-6)/24) a prime number?
True
Let u = 3 - 3. Suppose u = 4*s + 14 - 42. Is s prime?
True
Suppose 0 = -2*f + 3 + 7. Suppose 682 = 2*m + f*y + 9, -1325 = -4*m - 3*y. Is m a composite number?
True
Let c be 258 - (18/(-3))/2. Let g = -38 + c. Is g composite?
False
Suppose -l = -2*g + 1190, -g - 2*l - 592 = -2*g. Suppose -5*p = -p - g. Is p a prime number?
True
Let o(g) = -g**3 - 13*g**2 - 11*g + 12. Let d be o(-12). Suppose d*w = 5*w - 1115. Is w a prime number?
True
Suppose -3*a = -10 - 2. Suppose a*t - 42 - 14 = 0. Is t a composite number?
True
Suppose 6*x = -x + 553. Is x a prime number?
True
Let o(s) = 2*s**2 + 2*s - 1. Let n be o(1). Suppose -n*m + 259 = 10. Is m composite?
False
Let k(q) = 614*q**2 + q. Is k(-1) prime?
True
Suppose -5*n = 2*v - 12, 0 = -2*n + v - 0*v + 12. Let u be 6/n*602/21. Let x = -12 + u. Is x a prime number?
True
Let a be (-2)/(2*1/(-4)). Is 91/3 - a/(-6) a prime number?
True
Let z(u) = 7*u + 1. Let i be z(-3). Let j = 103 + i. Is j prime?
True
Let m(h) = 6*h**2 - 7*h**2 + 26*h**2. Is m(-1) composite?
True
Let y = -32 - -195. Is y prime?
True
Let w(f) = -f**2 + f - 76. Let z be w(0). Let i = z - -125. Suppose -o - 1 = -5*k, -i = -3*o - 0*o + 2*k. Is o a composite number?
False
Suppose 3*c = c - 6. Let w(j) = 3*j + 2. Let r(t) = -t + 1. Let k(m) = 2*r(m) - w(m). Is k(c) prime?
False
Suppose -1355 = 3*h - 4*h. Is h a prime number?
False
Suppose -10*k + 42 = -328. Is k a composite number?
False
Let q be 0 - 1/((-2)/292). Let i = q + -95. Is i a composite number?
True
Let f(y) = -2*y**3 - 3*y**2 - 18*y + 7. Is f(-8) a composite number?
False
Let x = 42 - 11. Is x a prime number?
True
Let t(z) = -3*z - 1. Let a be t(-1). Suppose 0 = a*d - 7*d + 15, -110 = -v + 5*d. Suppose 5*q - 85 = -5*n, -n - v = -6*n + 3*q. Is n a prime number?
False
Suppose 2*v = -3*i + 15, v = -2*i - 1 + 10. Suppose -1056 = -4*q + i*s - s, 4*q - s = 1058. Is q a composite number?
True
Let g(i) = -6*i**3 - 5*i**2 - i + 2. Let c be g(-3). Let o be (-5)/15 - 21/(-9). Suppose -o*x + 60 = -c. Is x a composite number?
True
Is 1/(2760/(-921) - (1 + -4)) a prime number?
True
Let u be 81*17 - (4 - 1). Suppose 3*l = 3*c - 1038, c = 5*c - 2*l - u. Is c a composite number?
True
Suppose -2*d = -3*d + 33. Is d a composite number?
True
Let g = 2 + 0. Let l be (-2)/(-4)*g - -1. Suppose -2*j = l*j - 56. Is j a prime number?
False
Is 3 - (-1936)/(6 - 2) prime?
True
Let u(q) = 3 - 4 - 6*q - 1 - 21*q. Is u(-3) a composite number?
False
Is 1434/10 - 4/10 prime?
False
Suppose 0 = -5*f - 2*p + 411, -f + 3*p = f - 172. Is f a prime number?
True
Let d be (-7 - 0)/((-4)/8). Suppose 0 = -u - 2*x - 18 - d, -41 = u + 5*x. Let l = -7 - u. Is l a prime number?
True
Suppose d = 6 - 0. Is (-9)/(-6)*184/d composite?
True
Let m = 885 + -440. Is m a prime number?
False
Suppose -2*s - 6 = 16. Let d be (-4)/22 + 86/s. Is (d/(-12))/((-4)/(-1146)) prime?
True
Let h = 95 + -44. Is h prime?
False
Let j(u) = -24*u - 5. Let h be j(-5). Suppose 5*a - 575 = 5*x, a = 5*x - 3*x + h. Is a a composite number?
True
Let c(k) = 2*k - 3. Let g be c(4). Suppose 0 = 4*z - g*z - 142. Let b = -53 - z. Is b a composite number?
False
Let l = -3 - -2. Is (l/(-1))/(1/37) composite?
False
Let b(f) = -3*f**2 - 13*f - 7. Let o(t) = -2*t**2 - 9*t - 5. Let p(j) = 5*b(j) - 8*o(j). Let q be p(10). Suppose 0 = -4*a - a + q. Is a a prime number?
False
Suppose 2*o - 3*o - 2 = 0. Let n be 536 + (o/(-1) - 2). Suppose 2